-4*r**3 - 7*r**2 + 2*r + 1. Let f(y) = y**3 + 4*y**2 - y - 1. Let b(x) = 2*f(x) + m(x). Give b(1).
-2
Let t = -228 - -265. Let x(r) = -32 - 31*r + 18 + t*r. Give x(6).
22
Let j(f) = 15*f - 57. Suppose 2*k + v - 336 + 324 = 0, 4*v - 39 = -5*k. What is j(k)?
-12
Let m(h) = -10*h - 2. Suppose -3*g - j - 183 = -2*j, 3*j = 4*g + 239. Let q = g + 18. Let v = 42 + q. Calculate m(v).
18
Suppose -2*u - 3*u = -30. Suppose -2*t + 10 = -3*x - 0*x, -3*t - 2 = 4*x. Let q(k) = t*k - 18*k**2 + 10*k**2 - 7 - 4*k - 4*k + 9*k**2. Give q(u).
-7
Let q = -431 - -433. Let b(d) = -4 - 81*d**2 - 1 - 4 + 42*d**2 + 40*d**q. Give b(0).
-9
Let s(v) = v**2 - 11*v + 2. Suppose 0 = -9*c - 5111 + 5156. Determine s(c).
-28
Let j(m) = -m**3 - m**2 + 2*m + 1. Let g(r) = -4*r + 17. Let k be g(3). Suppose 7*t - 11*t - 8 = -k*a, -t - 5*a = 2. What is j(t)?
1
Let n(k) be the third derivative of k**3/6 - 19*k**2. Let m(a) = a + 7. Suppose x - 9 = -2*x. Let z(f) = x*n(f) - m(f). Give z(-6).
2
Let n(o) = 9*o - 81. Let z(h) = -7*h + 67. Let x(s) = -4*n(s) - 5*z(s). What is x(0)?
-11
Let k(o) be the third derivative of -o**4/24 - 4*o**3/3 + o**2 + 476. Give k(10).
-18
Let s(m) = -m**3 - 9*m**2 - 8*m + 4. Let p = 13788 - 13796. Give s(p).
4
Let b(c) be the first derivative of c**4/4 - 4*c**3/3 - c**2/2 + 4*c + 7217. Let m be 10/(-2)*8/(-10). Calculate b(m).
0
Let j(w) = 8*w + 8. Let s be j(0). Let r(m) = -4*m + 43. Let o be r(s). Let p(y) = y - 15. Let v be p(o). Let n(z) = -z**3 - 3*z**2 + 3*z - 3. What is n(v)?
1
Suppose 224*p + 45 - 45 = 0. Let o(f) be the second derivative of -1/20*f**5 + p + 5*f - 2/3*f**3 + 1/2*f**2 + 5/12*f**4. What is o(3)?
7
Let f(d) = -d**3 + d**2 - d - 1. Let u(s) = -3*s**3 + 8*s**2 - 7*s - 2. Let v = 425 + -426. Let b(m) = v*u(m) + 4*f(m). What is b(-4)?
-14
Let k(i) = -i**2 - 7*i. Let q(h) = h**2. Let w be q(-4). Let b be (-1 - (-4 + -1))*(2 - 1). Suppose j = -o - 7, b*o - 3*j = -5 - w. What is k(o)?
6
Let r(y) = 5*y**3 + 2*y**2 - 6*y - 6. Let c = -25683 - -25680. What is r(c)?
-105
Let u(z) = z**2 - 15*z - 45. Suppose m - 2*n = -3 + 16, 2*n - 4 = 0. Give u(m).
-11
Let y(b) = 4*b**2 + 5*b - 6. Let o be y(-3). Let c(k) = 11 - o - 22*k + 3. Suppose -5*x - z = 4*z - 5, 3*x + 2*z - 3 = 0. What is c(x)?
-23
Let h be 4/3*72/48. Let l(d) = -d**3 - 395 + 398 - 3*d + h*d**3. Give l(2).
5
Let l = -261 - -256. Let y be l - 0*5/(-15). Let r(k) = -k**2 - 3*k + 10. Calculate r(y).
0
Let w = -244 - -236. Let r(g) = 4665*g - 4666*g - g**3 - g**2 - 7*g**2 - 10. Determine r(w).
-2
Let z(j) = 218 - 52 - 4*j**2 - 135 + 3*j**2 - 3*j - 3*j. Determine z(-12).
-41
Let q = 684 + -1285. Let y = -599 - q. Let d(p) = 2*p - 5*p + 2*p + 4. Calculate d(y).
2
Let m(p) = p**2 + 10*p - 7. Suppose -4*z = -140 + 32. Suppose 5*d + 1 = -14, -2*c - 5*d = z. Determine m(c).
-31
Let a(g) be the second derivative of g**7/35 + g**6/180 - g**4/24 - 161*g**3/6 - 29*g. Let q(i) be the second derivative of a(i). What is q(-1)?
-23
Let r(h) = -h**3 - 8*h**2 - 6*h - 6. Let b(z) = z**3 + 2*z**2 - 3*z + 3. Let q be b(3). Let j = 48 - q. Suppose 0 = -k + 2 - j. Give r(k).
-13
Let z(p) = 1. Let g(b) = b**2 + 9*b + 9. Let k(x) = -g(x) - 3*z(x). Suppose -24*w + 60*w - 18*w = -144. Determine k(w).
-4
Let x = -2 - -7. Let b(j) be the third derivative of 1/10*j**5 + 0*j + 0 - 60*j**2 - 1/120*j**6 - 7/24*j**4 + 7/6*j**3. What is b(x)?
-3
Let t(v) be the second derivative of v**3 + 1/20*v**5 + 5/2*v**2 - 139*v - 7/12*v**4 + 0. What is t(6)?
5
Let v(i) be the third derivative of i**5/15 - i**4/12 - i**3/6 + i**2. Let j = 41514 - 41512. Give v(j).
11
Let b(q) = 10*q. Let t(r) be the second derivative of r**4/3 + 12*r**3 + r**2/2 + 73*r. Let m be t(-18). Calculate b(m).
10
Let d(s) = 394*s + 9850. Let b be d(-25). Let i(m) = 6*m**2 - 3*m + 9. What is i(b)?
9
Let w(b) = -2*b + 3. Let h be 10*(1 - 5/10). Give w(h).
-7
Let l(y) = -y**2 - 3*y - 8. Let d(n) = -7*n**2 - 21*n - 44. Let z(i) = -d(i) + 5*l(i). Determine z(-3).
4
Let n(s) = -5 + 30*s + 21*s + 1 - 47*s. Let u(c) = 18*c - 50. Let w be u(3). Determine n(w).
12
Let x(j) = -3*j**2 + 19*j + 21. Let g(q) = 5*q**2 - 28*q - 32. Let i(d) = -5*g(d) - 8*x(d). What is i(-6)?
28
Suppose -3*b = -0*w + 2*w - 98, -2*b + w = -70. Suppose 2*u = b - 14. Let g(m) = 9 - 82526*m - 12 + 82527*m. Calculate g(u).
7
Let x(s) = -s**3 - 3*s**2 + s - 2. Let q be (2 - 7/2) + 39/2. Suppose w - q = -i, -3*w + 2*i + 52 = 3*i. Let y be 155/(-40) - (w/8 - 2). Calculate x(y).
10
Suppose -9 + 2 = -w. Suppose w*u + 12 = 3*u. Let z(t) be the second derivative of t**4/6 + 5*t**3/6 + 3*t**2/2 + 2*t - 1986. Give z(u).
6
Let t be (-10)/(-4)*(-4)/(-5). Suppose -t*w + 7 - 17 = -f, 0 = f + 3*w - 10. Let i(g) = g**2 - 11*g + 4. Give i(f).
-6
Let a(c) be the third derivative of c**4/8 + 17*c**3/2 + 2*c**2 - 2865*c. Determine a(-17).
0
Let r(c) = c**2 + 5*c - 3. Let x(o) = -o**2 + 20*o - 18 - 20*o. Let b be x(-9). Let d = 95 + b. Determine r(d).
-7
Let u be (44/22)/((-2)/8). Let i = -15 - -45. Let z(o) = -8*o**2 + 59 - 34 - i - o**3. Calculate z(u).
-5
Let t(q) = 2*q + 33. Let h be t(-15). Let v be -2 - -3*1/h. Let b(d) = -1. Let y(a) = -a + 6. Let k(u) = v*y(u) - 3*b(u). What is k(3)?
0
Let l(c) be the third derivative of c**5/30 - c**4/4 + c**3/2 + c**2 - 133. Suppose -t + 16 = 3*t. Determine l(t).
11
Let f(l) = -l**2 - 6*l. Let v(a) be the first derivative of 5*a**2 + a + 8. Let o be v(-1). Let b be 1/(24/o + 3) - 8. Calculate f(b).
5
Let i(j) = -j**3 + 2*j**2 - j - 13. Suppose 3*l - 6 = -u, 5*u - 8*l = -4*l - 8. Determine i(u).
-13
Let p(u) = 42*u - 10 - 3 + 22 - 45*u. Give p(-6).
27
Let j(d) = -d**2 - 12*d - 5. Let o be j(-4). Let u(c) = -4*c + 19 + 2*c + 26 + 16. Let h be u(o). Let m(a) = -a - 1. Determine m(h).
-8
Let m(f) be the second derivative of -f**3 - 11*f**2/2 + 72*f. Let g(l) = -5*l - 10. Let y(s) = 5*g(s) - 4*m(s). Calculate y(-8).
2
Let l(i) = 192 - 81 + 7*i + 22 - 81. Give l(-9).
-11
Let a be (-4 - 0)/2 - (-64 - 14)/(-26). Let c(g) = -4*g**2 - 15*g + 24. Calculate c(a).
-1
Let k(m) = 12 - 2*m**3 - 13 + m**2 - 2*m + 2. Let l be 2 + -1 + 15 + -14. Give k(l).
-15
Suppose -2*y - 10 = 3*s, 2*y + 34 = 3*s + 12. Let a be (4/10)/((-3)/(-60)). Let q(n) = -4 - a*n + 0 - 2*n**2 + n**2. What is q(y)?
-4
Suppose 2*c + 14 = 2*a, -2*c + 4 = 2*a + 2*a. Let s(f) = 5*f**2 + 4*f - 2. Determine s(a).
55
Let m(h) = h**2 - 11*h - 3. Let o = -460 + 264. Let r = 207 + o. What is m(r)?
-3
Let n be ((-32)/(-12))/((-6)/(-27)). Let l(x) = -25*x + 3 - 2 + 0 + x**2 + 13*x. Give l(n).
1
Let j(g) = -2*g**2 + 10*g + 104. Let t be j(10). Let o(u) = u - 22. Give o(t).
-18
Suppose 5*v - r - r = 8, 2*v + 2*r = 6. Suppose -2*u = -v - 4. Let z(j) = -j**2 - j**u + 3 - 4*j - 5*j**2 + 0*j**2 + 0*j. Calculate z(-5).
-2
Let i(c) = 15*c - 2 + 1 + 0. Let f(m) = -19*m + 96. Let p be f(5). What is i(p)?
14
Let t(h) = 96*h**2 - 3*h - 25. Let d(x) = 48*x**2 - 11. Let z(r) = -5*d(r) + 2*t(r). Give z(1).
-49
Let w(c) = 21 + c + 18 + 23 - 108 + 20 + 21. Let s = 27 - 11. Suppose n - 5*n = s. Give w(n).
-9
Suppose -191 = 139*g + 87. Let h(b) = -9*b - 22. Calculate h(g).
-4
Let q = 3883 + -3888. Let a(p) be the third derivative of -p**6/120 - p**5/10 - 5*p**4/24 + p**3/2 - 5*p**2. Calculate a(q).
3
Let x(j) = -1 - 11*j**2 - j**3 + 5*j**2 + 4 + 11*j - 4*j. Let p be x(-7). Let q(t) = 1 + 2*t**2 + 0*t**2 + 14*t**p - 13*t**3 - t + 0. Give q(-2).
3
Suppose -3*q + 4 = 9*q + 112. Let c(j) = j**2 - 86. Give c(q).
-5
Let l(o) = 58*o**3 - 17*o**2 + 19*o + 7. Let s(j) = -58*j**3 + 15*j**2 - 17*j - 6. Let d(h) = -8*l(h) - 9*s(h). What is d(1)?
58
Let u(h) = h**3 + 9*h**2 + 11*h - 4. Suppose -296 = -l - 7*l. Suppose 2*t = -2*r - 18, -4*r - 3*t = -2 + l. Calculate u(r).
-28
Let r = 2434 + -2458. Let b(q) = 3*q + 75. What is b(r)?
3
Let a(y) = -40*y + 2*y**2 - 6*y**2 + 74*y - 35*y - y**3 + 8. What is a(-4)?
12
Let f(k) = -8*k + 132. Let l(o) = 15*o - 243. Let a(m) = 5*f(m) + 3*l(m). Calculate a(17).
16
Let q(d) = -d**3 - 7*d**2 - 7*d - 15. Suppose 378 = -s - 135. Let h = s - -507. Determine q(h).
-9
Let r(a) = 1 - 5*a + 8*a - 5*a. Let w = -1147 + 1141. Give r(w).
13
Let y(m) = -m**3 + 4*m**2 - 2*m - 4. Let o(d) = 3*d**2 + 14*d - 48. Let h(k) = -11*k**2 - 42*k + 145. Let g(b) = 2*h(b) + 7*o(b). Let p be g(7). Calculate y(p).
-1
Suppose 0 = -4*d - 0*d - 68. Let